-3).
16
Let r(v) = v**3 - 12*v**2 + 12*v + 18. Let u(m) = -m**3 + 12*m**2 - 13*m - 17. Let y(f) = 3*r(f) + 2*u(f). Calculate y(11).
9
Let o(d) = 10*d**3 - 44*d**2 - d - 50. Let i(n) = 22*n**3 - 91*n**2 - 3*n - 100. Let q(a) = -4*i(a) + 9*o(a). Give q(16).
-2
Let u(b) = -19*b**2 - 80*b - 46. Let x(t) = 4*t**2 + 16*t + 11. Let r(n) = 3*u(n) + 14*x(n). What is r(-17)?
-1
Let s(q) = -2*q + 6. Let w be s(-1). Suppose 3*u = 3*t + 7*u - w, 2*t - 5*u = -33. Let l(j) = -5*j + 3. Calculate l(t).
23
Let g(w) be the third derivative of -w**6/120 - w**5/6 - 5*w**4/12 - 2*w**3 + 5*w**2 + 8*w. Give g(-8).
-60
Let y(z) = -27*z**2 + 4*z - 6. Let o(g) = 9*g**2 - g + 2. Let b(n) = -7*o(n) - 2*y(n). Let i be -1*(-35)/(2975/(-10))*17. Determine b(i).
-36
Suppose -s = -4*z - 17, -3*z - 13 = -2*s - 2*z. Suppose 0 = 10*f - 11*f - s. Let a(r) = r**2 + 4*r - 6. What is a(f)?
-1
Suppose 5 - 1 = -4*m. Let l(a) be the second derivative of -19*a**5/10 - a**4/12 - a**3/6 + 15*a + 4. Give l(m).
38
Let h(f) = -f**3 - 5*f**2 - 7. Let j be h(-5). Let z be (2 - j/14)*-2. Let p(x) = 3*x - 15. Let u(i) = -2*i + 8. Let s(t) = -4*p(t) - 7*u(t). Determine s(z).
-6
Let m(l) = 9*l**2 + 17*l - 27. Let z(n) = -20*n**2 - 36*n + 57. Let h(a) = 7*m(a) + 3*z(a). Determine h(-6).
24
Suppose 5*j = -1 + 11. Let d(y) = -y + 15*y - 9*y + 3*y + j - 2*y**2. What is d(6)?
-22
Let d = 29 - 30. Let o(b) = -10*b - 9*b - 33 + 70 - 37. Calculate o(d).
19
Let t(g) be the third derivative of -g**6/120 - 7*g**5/12 - 4*g**4/3 + 67*g**3/6 + 376*g**2 + g + 1. Determine t(-34).
-1
Let m(d) = -15*d - 7. Let u = 9338 + -9335. What is m(u)?
-52
Let l(o) = 6*o**3 - 2*o**2 - o. Let z be l(-1). Let m(g) = -g + 3. Let r be m(0). Let y(i) = -8 + r + 1 - 3 - 2*i. Calculate y(z).
7
Let r(k) be the third derivative of -k**4/12 + 43*k**3/6 - k**2 + 287. Calculate r(17).
9
Let q = -165 - -165. Suppose q*r = 2*r - r. Let d(s) = 2*s + 2. Calculate d(r).
2
Let r(p) = 4*p**2 + 4*p - 3. Let y(s) = -3*s + 22*s - 20*s + s**2. Let u(f) = -r(f) + 3*y(f). Calculate u(-8).
-5
Let n(u) = -292*u + 4 - 296*u - 302*u + 889*u. Calculate n(4).
0
Let b(v) = -5*v + 6. Let d(t) = -9*t - 52. Let i be d(-5). Let n(l) = l**2 + 3*l + 1. Let o be n(-5). Let f = o + i. Determine b(f).
-14
Let l(d) = -72*d**2 - 3 + 81*d**2 + 0*d**2 - 3*d. What is l(1)?
3
Let t(j) = -141*j**2 + 57*j**2 + 2*j + 36 - 37. Give t(1).
-83
Let p(w) = w - 35. Let i = 2175 - 2189. What is p(i)?
-49
Let s(k) = -k - 50. Let i(d) = -11*d - 120. Let r(z) = -7*z - 81. Let p(y) = -5*i(y) + 8*r(y). Let f(c) = 4*p(c) - 3*s(c). Calculate f(0).
-42
Let m(b) = 6*b - 14. Let n(o) = 85*o - 1352. Let f be n(16). Determine m(f).
34
Let m = 13 + -27. Let l(d) = 3*d**3 - 15*d**2 - 26*d + 41. Let t(f) = -f**3 + 9*f**2 + 13*f - 20. Let c(h) = -2*l(h) - 5*t(h). Determine c(m).
4
Let f(t) be the third derivative of -t**5/30 + t**4/24 + 3*t**3/2 + 22*t**2 + 19. Give f(-2).
-1
Let z(v) be the second derivative of v**4/12 + v**3/3 - 12*v**2 + v + 315. Calculate z(4).
0
Let o(m) = 14*m**3 - 11*m**2 - 14*m - 47. Let x(r) = -11*r**3 + 10*r**2 + 11*r + 43. Let b(z) = 4*o(z) + 5*x(z). Calculate b(-5).
57
Let o(j) be the second derivative of -40*j - 1/12*j**4 + 4/3*j**3 - 2 - 11/2*j**2. Give o(8).
-11
Let g(m) = -11*m**3 - 16*m**2 + 33*m - 16. Let y(f) = 5*f**3 + 8*f**2 - 16*f + 8. Let a(h) = 6*g(h) + 13*y(h). Suppose 42 = 4297*d - 4291*d. What is a(d)?
-13
Let x(h) = 47*h**2 + 4*h. Let u be x(-2). Let s = u + -111. Suppose s - 33 = -6*f. Let o(i) = -2*i - 9. Calculate o(f).
3
Let g(l) = l**3 + 2*l**2 + 22. Let n(v) = 4*v**3 + 15*v**2 + v + 111. Let u(s) = -5*g(s) + n(s). Suppose -i = 2*d - 4, d = 4*d - 5*i - 32. Calculate u(d).
21
Let s(l) be the first derivative of l**3/3 + 31*l**2/2 + 87*l + 2736. Determine s(-28).
3
Let x(c) = 18*c + 17*c - 34*c - 10*c**3 - 2*c**2. Let f be 13/26*8*3. Let k(v) = -v**2 + 23*v - 131. Let n be k(f). Determine x(n).
-11
Let d(x) = -2*x + 11. Let i(g) = -7*g - 57. Let h(w) = -6*d(w) - i(w). Determine h(-1).
-28
Let f(o) = o**3 - 13*o**2 + 12*o + 13. Suppose -4151 + 11221 = 14*a. Let r = 517 - a. Calculate f(r).
13
Let u = 5 + -1. Suppose 7*r - 5 = 23. Suppose u*a + r - 1 = -x, -2*a = 0. Let z(p) = p**2 - 2*p - 4. Calculate z(x).
11
Let z(k) = k**2 + 23*k - 33. Let i be z(-25). Suppose -4*c = 0, -i*f - 3*c - 9 = -14*f. Let m(r) = -3*r - 10. What is m(f)?
-1
Let a(c) = 3*c**3 + c**2 - 31*c - 55. Let t be a(-2). Let q(j) = -10*j - 111. What is q(t)?
19
Let n(v) = v**3 + 97*v**2 - 99*v - 87. Let c be n(-98). Let d(g) be the first derivative of g**2/2 - g - 2. Determine d(c).
10
Let p(q) be the second derivative of q**6/120 + q**5/20 - q**3/3 - 81*q**2/2 - q + 8. Let y(s) be the first derivative of p(s). What is y(-2)?
2
Let x(y) = y**3 + y**2 - y + 222. Let u be x(0). Let z be ((-1)/(-1))/(3/u). Let g = z - 70. Let f(l) = -l**2 + 5*l. Determine f(g).
4
Let f(l) = -2*l + 4. Let s(x) = -2*x**2 + 16*x - 5. Let b be s(0). Calculate f(b).
14
Let x(j) = 4 - j - 5 + j**2 - 3. Suppose 4*i - 9*i + d = 225, -4*d + 196 = -4*i. Let r be 24/i*44/(-6). What is x(r)?
8
Suppose -2*q - 84 = 17*q - 179. Let l(h) = h**3 - 4*h**2 + 7*h - 17. Calculate l(q).
43
Let f(g) = -3*g + 411. Let p(q) = 9*q - 1121. Let v(z) = 11*f(z) + 4*p(z). What is v(-8)?
13
Let i(t) = -42*t - 42*t + 115*t - 41*t + 18. Calculate i(-4).
58
Let p(k) = -k**2. Let u be (-8)/2 - (-10 - -1). Suppose -l - 7 = f, -l = -2*f - 0*l - u. Let x be ((-17)/34)/((-2)/f). Give p(x).
-1
Let d(r) be the first derivative of -7*r**2/2 + 23*r + 2913. Give d(0).
23
Let d = 20651/17702 + 2/26553. Let a(z) be the second derivative of d*z**3 + 1/12*z**4 + 5/2*z**2 + 12*z + 0. What is a(-5)?
-5
Let b = 56 - 66. Let o(x) = x**3 + 9*x**2 - 12*x - 22. Let h be o(b). Let w(f) = -f**2 - 5*f - 1. Give w(h).
5
Let p(c) = 6*c + 21. Let k = 6657 - 6662. Calculate p(k).
-9
Let a(z) = 12*z**2 - 9*z - 22. Let i(m) = -11*m**2 + 8*m + 18. Suppose -2*v + 5*v + 15 = 0. Let h(b) = v*a(b) - 6*i(b). Calculate h(1).
5
Suppose 0 = v + 3*p + 25 - 19, 0 = -3*p - 12. Let l(i) = i**3 - 6*i**2 + 33*i - 192. Give l(v).
6
Let l(i) be the second derivative of -i**3/2 - 4*i**2 - 67*i. Let f = 16 - 4. Let p be -4 + 1 + (-36)/f. Calculate l(p).
10
Let k(c) be the second derivative of -7*c**3/6 + 2*c**2 + 11*c. Let o(q) = -q**2 - 6*q + 1. Let m be o(-2). Let b be -1 - (m + -4) - -3. Determine k(b).
25
Let x(z) be the third derivative of z**5/60 + z**4/8 - z**3/2 - 2*z**2. Let r = -12408 - -12405. Calculate x(r).
-3
Let w(l) = -3*l**2 - 3*l + 2. Let x = -348 - -362. Let p be (-8)/x + 136/(-56). Give w(p).
-16
Suppose -4*r = -3*v - 5, r = -3*r - 2*v + 10. Let t(d) be the first derivative of d**2 - 4/3*d**3 - 1/2*d**4 + r + 3*d. Give t(-3).
15
Let t(u) = u**3 + 11*u**2 + 10*u - 1. Let l(n) = n**3 + 11*n**2 + 10*n - 1. Let x(q) = 6*l(q) - 7*t(q). Let p be 1896/316*((-5)/3 - 0). Determine x(p).
1
Let s(h) be the third derivative of h**5/30 - 3*h**4/8 + 19*h**3/6 + 2865*h**2. Give s(3).
10
Let o(k) be the second derivative of k**3/2 + 3*k**2/2 + 27*k. Let h(i) be the third derivative of -i**4/24 - 7*i**3/2 + 10*i**2. Let f be h(-25). What is o(f)?
15
Suppose -5*a + a = 12. Let r(x) be the first derivative of -x**4/4 - x**3/3 - 3387. What is r(a)?
18
Let s = -80 + 86. Suppose -4*x - 3*m = -21, -4*m + s = 5*x - 7*x. Let u(o) = -8 - 10*o**2 + 5*o - o**3 - 13*o - x*o**2 + 23*o**2. Determine u(9).
1
Let c(a) = 2*a + 15 - 4*a + a. Suppose w - 66 = 5*j, 4*w + 4*j - 3*j = 201. Suppose 5*k = -4*s + w, 2*k - s - 21 = 2. Calculate c(k).
4
Let k = 12793 - 12788. Let i(c) = -c + 54. Give i(k).
49
Let i(v) = v**2 + 3*v - 16. Let r(k) = -k**3 - 29*k**2 + 5*k + 139. Let x be r(-29). Calculate i(x).
2
Let y(l) be the first derivative of -l**4/2 + 4*l**3/3 - 2*l**2 + 3*l + 35. Let b be y(2). Let c(u) = u**3 + 5*u**2 + 6. What is c(b)?
6
Suppose -132*t + 179*t = -611. Let y(u) = -6*u - 31. Determine y(t).
47
Let x(h) be the third derivative of -18*h**2 + 0*h**5 + 7/3*h**3 - 1/90*h**6 + 0*h + 0 + 0*h**4. Let p(a) be the first derivative of x(a). Calculate p(-1).
-4
Let i(z) = 17*z - 1. Suppose -3*f + 2*b + 284 = 0, -2*b = -6 + 2. Suppose -48 = -99*p + f*p. Suppose 3*v = -o + 1, -p = -2*o - 2*o. Calculate i(v).
-18
Let o(h) = h**2 + 13*h + 1. Let d(w) = 3*w**2 + 28*w + 4. Let z(r) = 2*d(r) - 5*o(r). 